0 and 3220.
1610
What is the highest common factor of 67054 and 48291775?
2579
Calculate the greatest common divisor of 70788263 and 7462.
3731
What is the highest common divisor of 100934 and 134270?
926
Calculate the greatest common divisor of 11 and 123346333.
11
Calculate the greatest common factor of 78909995 and 1795.
1795
Calculate the greatest common divisor of 377 and 12197458.
377
What is the highest common factor of 6448680 and 14040?
1080
Calculate the greatest common divisor of 1622356 and 48556.
244
What is the greatest common divisor of 158208 and 1328064?
192
What is the greatest common divisor of 37546834 and 117?
13
What is the greatest common factor of 5423438 and 512702?
778
What is the greatest common factor of 20 and 174996490?
10
Calculate the highest common divisor of 311818 and 51194.
4654
What is the greatest common factor of 2027528 and 1672?
152
Calculate the greatest common divisor of 3925 and 168521445.
785
What is the highest common factor of 17449572 and 56?
28
What is the highest common factor of 36771 and 2730?
21
Calculate the highest common factor of 24 and 37627280.
8
Calculate the greatest common divisor of 756090 and 1120960.
310
What is the highest common factor of 6744 and 127128?
24
Calculate the greatest common factor of 7208505 and 585.
45
What is the highest common factor of 23531846 and 52?
26
Calculate the highest common factor of 55548674 and 244.
122
What is the highest common divisor of 2240 and 78448?
16
What is the greatest common factor of 88 and 548053?
11
What is the highest common factor of 540497 and 534?
89
What is the greatest common divisor of 12 and 240068958?
6
What is the highest common factor of 1821176 and 656?
8
Calculate the highest common divisor of 49337 and 294106.
479
Calculate the highest common divisor of 2476341 and 1449.
1449
Calculate the highest common factor of 108060146 and 13070.
2614
What is the greatest common divisor of 11400684 and 1613?
1613
What is the highest common divisor of 4942 and 931230944?
4942
Calculate the greatest common divisor of 1336639 and 1247.
29
Calculate the greatest common divisor of 210599422 and 1166.
1166
Calculate the highest common divisor of 2893 and 2370419.
263
What is the greatest common divisor of 1596 and 89400396?
228
What is the highest common divisor of 1652 and 260792?
28
Calculate the greatest common divisor of 918 and 3237894.
54
What is the highest common factor of 66 and 10298365?
11
What is the highest common divisor of 11271412 and 1497?
499
Calculate the highest common factor of 348 and 53236.
4
Calculate the highest common divisor of 2267087 and 1334.
23
Calculate the greatest common divisor of 8839014 and 5388.
2694
Calculate the greatest common divisor of 8037226 and 85.
17
What is the greatest common factor of 150860 and 1069915?
1985
Calculate the greatest common divisor of 1382824 and 72.
8
Calculate the greatest common divisor of 1074 and 532835565.
537
Calculate the greatest common divisor of 41060790 and 50.
10
Calculate the greatest common divisor of 1838 and 23497911.
919
What is the highest common divisor of 1900800 and 2484?
108
What is the highest common factor of 23598 and 55746?
342
Calculate the highest common divisor of 6345027 and 351.
351
Calculate the highest common divisor of 130645 and 2479552.
901
What is the greatest common divisor of 46424 and 3794?
14
Calculate the greatest common divisor of 88410840 and 920.
40
Calculate the highest common factor of 108 and 269700.
12
What is the highest common factor of 52064 and 429952?
32
What is the greatest common divisor of 427848832 and 30336?
10112
Calculate the greatest common factor of 4781228 and 2056.
1028
Calculate the greatest common factor of 2831 and 41134132.
149
What is the greatest common factor of 1038458540 and 383?
383
Calculate the highest common divisor of 6705 and 1831955.
745
What is the highest common factor of 4720 and 46315000?
2360
Calculate the highest common factor of 366191622 and 18.
18
What is the highest common factor of 111699 and 1492911?
567
What is the greatest common factor of 147482 and 150664?
74
Calculate the greatest common divisor of 20733524 and 280.
28
What is the greatest common divisor of 4669 and 91773864?
4669
What is the greatest common factor of 11477 and 2938611?
499
What is the highest common divisor of 61605 and 238650?
555
Calculate the highest common factor of 136080 and 10635.
15
Calculate the greatest common factor of 3017203 and 13.
1
Calculate the highest common factor of 67 and 3104713.
67
What is the greatest common divisor of 873568836 and 72?
36
What is the highest common factor of 104 and 63402508?
52
What is the greatest common factor of 339 and 11881837?
113
What is the highest common factor of 21976 and 12215376?
328
Calculate the highest common divisor of 2959628 and 252.
28
Calculate the highest common divisor of 4758 and 268172775.
2379
Calculate the greatest common divisor of 6591 and 495386151.
6591
Calculate the highest common factor of 37422 and 21934.
22
What is the highest common factor of 5156470 and 1034?
22
What is the highest common divisor of 45 and 8868995?
5
Calculate the highest common divisor of 2730 and 91487970.
210
Calculate the greatest common divisor of 394900 and 172.
4
Calculate the highest common divisor of 4194 and 822571317.
2097
Calculate the greatest common factor of 15750 and 227682.
126
Calculate the greatest common factor of 69642138 and 6.
6
Calculate the highest common divisor of 296858625 and 525.
525
Calculate the greatest common divisor of 8077393 and 441554.
7613
What is the highest common factor of 6976 and 555328?
64
What is the highest common factor of 232 and 12508048?
232
Calculate the greatest common factor of 136 and 72799627.
17
What is the highest common factor of 1680418 and 954?
106
Calculate the greatest common factor of 15294 and 171366.
6
What is the greatest common divisor of 190536444 and 108?
36
What is the highest common divisor of 1480 and 5515?
5
Calculate the highest common divisor of 608 and 2099956.
76
What is the highest common divisor of 293680 and 30?
10
What is the greatest common divisor of 72624124 and 114796?
10436
Calculate the greatest common factor of 1679 and 3319613.
23
What is the greatest common divisor of 144810046 and 425?
17
What is the greatest common factor of 1206310 and 530670?
1330
Calculate the greatest common divisor of 71810 and 24424.
86
Calculate the greatest common factor of 470648252 and 4.
4
What is the highest common divisor of 60557497 and 11?
11
What is the greatest common factor of 159 and 4294802?
53
Calculate the highest common factor of 124424525 and 1850.
925
What is the highest common divisor of 1880 and 3677720?
40
What is the highest common divisor of 44877000 and 600?
600
Calculate the greatest common factor of 3870 and 757350.
90
Calculate the highest common factor of 216644604 and 66.
66
Calculate the greatest common divisor of 897 and 161499.
39
What is the greatest common factor of 231 and 153461?
77
What is the greatest common divisor of 120 and 59901384?
24
Calculate the greatest common factor of 220 and 90150520.
20
Calculate the greatest common factor of 551 and 165717107.
551
What is the highest common factor of 50 and 5127500?
50
What is the highest common divisor of 1710 and 3077335?
95
What is the greatest common factor of 316230 and 161020?
830
What is the greatest common factor of 1296902 and 342?
38
What is the highest common factor of 28 and 7212681?
7
What is the highest common factor of 144038256 and 144?
48
What is the highest common divisor of 46418424 and 3198?
78
Calculate the greatest common divisor of 26266 and 170936.
46
What is the greatest common factor of 187 and 1357796?
11
Calculate the greatest common factor of 10849748 and 2296.
1148
What is the greatest common factor of 252493013 and 10645?
2129
What is the highest common divisor of 63 and 4302228?
21
What is the greatest common factor of 10833 and 79670121?
471
What is the greatest common divisor of 13356 and 123479188?
1484
Calculate the greatest common factor of 486453 and 48675.
33
Calculate the highest common factor of 134610 and 1058190.
210
Calculate the greatest common factor of 104144 and 